
Let o(j) = j**3 - 4*j**2 - 69*j - 124. What is o(-2)?
-10
Let v(w) = -2*w + 174. Determine v(43).
88
Let a(z) = z**3 - 2*z**2 + 49*z - 160. What is a(4)?
68
Let b(n) = 2*n**3 + 372*n**2 + 2506*n - 6. Determine b(-179).
-6
Let g(b) = 3*b**2 - 451*b + 5091. What is g(138)?
-15
Let u(w) = w**3 - 54*w**2 - 66*w - 118. Calculate u(55).
-723
Let m(i) = i**2 + 168*i + 5151. Give m(-128).
31
Let l(b) = -2*b**3 - 30*b**2 - 25*b + 10. Give l(-14).
-32
Let h(z) = 6*z + 43. Determine h(-22).
-89
Let z(g) = g**3 + 31*g**2 + 27*g - 87. Determine z(-30).
3
Let r(y) = 272*y + 2160. What is r(-8)?
-16
Let t(g) = -31*g + 707. What is t(23)?
-6
Let s(p) = 5*p**3 + 4*p**2 - 67*p - 223. Calculate s(-3).
-121
Let n(z) = -3855*z - 19301. What is n(-5)?
-26
Let g(u) = 8*u**2 + 161*u + 163. Give g(-19).
-8
Let h(r) = 32*r - 1828. Calculate h(58).
28
Let r(w) = 4*w**2 - 63*w - 15. Determine r(16).
1
Let w(q) = 2*q**2 - 354*q - 12413. Calculate w(-30).
7
Let a(u) = -75*u + 1271. Determine a(8).
671
Let t(i) = i**2 + 36*i - 4304. Determine t(-86).
-4
Let g(m) = -m**3 - 8*m**2 - 12*m - 17. What is g(-6)?
-17
Let r(s) = -s + 1. Determine r(22).
-21
Let o(h) = -h**3 + 26*h**2 + 46*h + 3378. Give o(31).
-1
Let b(h) = -3*h**3 + 36*h**2 - 7*h. What is b(12)?
-84
Let z(k) = -21*k**2 - 1429*k - 48. Calculate z(-68).
20
Let q(y) = -13*y**2 + 208*y + 7. Give q(16).
7
Let i(l) = -9129*l - 82146. What is i(-9)?
15
Let v(u) = 2*u**3 - 15*u**2 + 98*u - 1135. Give v(9).
-10
Let y(b) = -1032*b - 18523. Determine y(-18).
53
Let j(n) = n**3 - 50*n**2 + 271*n - 19489. Determine j(52).
11
Let o(a) = -19*a**3 + 6*a**2 - 11*a - 3. Give o(2).
-153
Let o(f) = -f**3 + 18*f**2 - 60*f - 12. What is o(5)?
13
Let j(r) = 21*r**2 - 78*r - 147. Give j(5).
-12
Let p(v) = 3*v**3 + 2*v**2 - v + 168. Give p(0).
168
Let j(s) = -2*s**2 - 52*s - 11. Calculate j(-7).
255
Let v(g) = -5*g**2 + 97*g - 14. What is v(20)?
-74
Let g(w) = w**3 + 17*w**2 - 13*w + 127. Give g(-18).
37
Let d(h) = h**3 - 6*h**2 - 37*h - 96. Determine d(10).
-66
Let f(b) = -18*b + 786. Give f(44).
-6
Let v(l) = 6*l**3 - l**2 + 15. Calculate v(-3).
-156
Let g(b) = 2*b**3 + 6*b**2 - 2*b - 7. What is g(-5)?
-97
Let h(k) = -6*k**3 - 47*k**2 + 20*k + 92. What is h(-8)?
-4
Let b(s) = 21*s - 111. Give b(5).
-6
Let g(o) = -1146*o**2 - 8*o + 10. What is g(1)?
-1144
Let c(g) = -g**3 + 148*g**2 + 299*g + 142. Calculate c(150).
-8
Let g(r) = 5*r - 369. Give g(63).
-54
Let c(u) = 179*u**2 + 12350*u - 97. What is c(-69)?
-28
Let w(j) = 4*j**3 - 71*j**2 - 24*j + 96. Give w(18).
-12
Let p(q) = 39*q**2 - 290*q - 21. Calculate p(7).
-140
Let o(q) = -60*q**2 - 177*q + 7. Determine o(-3).
-2
Let c(v) = 3*v**2 + 114*v + 57. What is c(-35)?
-258
Let q(r) = 54*r**2 - 217*r - 6. What is q(4)?
-10
Let g(o) = 2*o**3 - 57*o**2 + 33*o + 61. What is g(28)?
201
Let a(q) = -21*q - 186. Give a(-9).
3
Let l(i) = 89*i + 2809. Determine l(-31).
50
Let j(y) = -y**3 - 17*y**2 + 348*y + 20. Determine j(-29).
20
Let z(l) = -2*l**2 - 23*l - 5. Determine z(-14).
-75
Let b(x) = -x**3 + 13*x**2 - x. Give b(13).
-13
Let c(j) = -j**3 + 13*j**2 - 20*j - 113. Give c(6).
19
Let a(d) = 7*d**2 + 98*d + 10. Calculate a(-12).
-158
Let t(d) = 621*d + 5599. Determine t(-9).
10
Let w(y) = y**3 + 2*y**2 - 7*y + 53. Calculate w(-6).
-49
Let n(i) = 4*i - 52. Determine n(3).
-40
Let n(p) = -p**2 + 15*p + 65. Calculate n(22).
-89
Let y(v) = -v**2 + 79*v - 1557. Determine y(41).
1
Let b(i) = -i**2 - 35*i - 249. Give b(-11).
15
Let c(p) = p**3 + 17*p**2 - 59*p - 23. What is c(-20)?
-43
Let x(g) = g**2 + 49*g + 102. Give x(-11).
-316
Let d(c) = -99*c - 10. Calculate d(1).
-109
Let t(d) = -d**3 - 45*d**2 + 40*d - 284. Give t(-46).
-8
Let b(q) = -15*q**2 + 443*q - 237. What is b(29)?
-5
Let z(p) = -38*p + 6. What is z(5)?
-184
Let y(f) = 29*f**2 - 20*f - 19. Calculate y(-1).
30
Let y(q) = 2*q**2 + 102*q - 156. Give y(-52).
-52
Let i(g) = -232*g**2 - 2546*g + 59. What is i(-11)?
-7
Let m(b) = -2*b**2 + b - 53. Give m(0).
-53
Let l(s) = -6*s + 66. Calculate l(1).
60
Let t(b) = -b**3 - 14*b**2 - 59*b + 113. What is t(-10)?
303
Let d(k) = 262*k**2 - 32*k + 2. Give d(1).
232
Let q(l) = l**3 - 50*l**2 + 11*l + 39. What is q(50)?
589
Let i(t) = -11*t + 58. Calculate i(-6).
124
Let w(n) = -1217*n - 43817. Calculate w(-36).
-5
Let f(z) = -42*z - 2498. Give f(-59).
-20
Let d(r) = 70128*r + 420761. Give d(-6).
-7
Let v(g) = g**3 - 18*g**2 + 36*g - 14. Calculate v(15).
-149
Let w(i) = -5*i**2 - 20*i + 61. Calculate w(-6).
1
Let f(k) = 122*k - 63. Determine f(1).
59
Let a(d) = -319*d - 57. What is a(-1)?
262
Let y(v) = -8*v**3 - 7*v**2 - 4*v - 7. Determine y(-3).
158
Let k(o) = 3*o**2 + 82*o + 219. Calculate k(-3).
0
Let t(a) = a**3 + 10*a**2 - 52*a - 141. Give t(-13).
28
Let c(j) = 2*j**2 - 27*j - 270. Calculate c(19).
-61
Let s(o) = -o**3 - 4*o + 45. Calculate s(5).
-100
Let w(v) = v**3 - 18*v**2 - 266*v + 134. Give w(-10).
-6
Let m(o) = -o**2 + 697*o - 5521. What is m(8)?
-9
Let b(g) = 59*g - 283. Calculate b(1).
-224
Let c(o) = -56*o - 962. Calculate c(-17).
-10
Let p(w) = -w**2 - 21*w + 758. Give p(-40).
-2
Let k(q) = 14*q**2 + 154*q - 125. Determine k(-11).
-125
Let s(j) = -75*j**2 - 138*j + 14. Give s(-2).
-10
Let c(m) = 9*m**2 + 87*m + 50. What is c(-9)?
-4
Let z(n) = 5*n**3 - 10*n**2 + 35*n - 134. Calculate z(4).
166
Let v(g) = g**3 - 29*g**2 + 66*g - 337. Give v(27).
-13
Let l(t) = -2*t**2 - 50*t - 142. What is l(-14)?
166
Let n(w) = 18*w + 35. Calculate n(10).
215
Let y(b) = -3398*b + 23790. Determine y(7).
4
Let q(c) = 23*c + 10. Calculate q(-4).
-82
Let c(f) = -3*f**2 + 234*f - 1135. Give c(5).
-40
Let w(s) = 51*s + 574. Give w(-11).
13
Let b(q) = q**2 - 88*q + 469. Give b(82).
-23
Let n(o) = 2*o**3 + 5*o**2 + 89*o + 175. Give n(-2).
1
Let m(s) = -5*s**3 + 130*s**2 - 17*s + 393. Give m(26).
-49
Let m(i) = 6*i - 143. Determine m(-4).
-167
Let o(z) = -3*z**2 + 112*z + 1420. Give o(-10).
0
Let d(m) = 3*m**3 - 11*m**2 - 75*m + 243. Give d(3).
0
Let x(o) = 4*o**3 - 27*o**2 + 13*o + 32. Determine x(6).
2
Let f(m) = 2*m**3 + 12*m**2 - 42*m + 37. What is f(-9)?
-71
Let b(x) = x**3 + 7*x**2 + 11*x + 28. Calculate b(-7).
-49
Let w(u) = u**3 - u**2 - 7*u + 6. Give w(4).
26
Let u(c) = -53*c - 1486. Determine u(-28).
-2
Let z(a) = 1687*a - 53979. Determine z(32).
5
Let r(h) = 2*h**3 - 52*h + 98. What is r(2)?
10
Let d(u) = u**3 + 38*u**2 - 71*u - 32. Calculate d(-40).
-392
Let p(u) = -2*u**2 - 276*u - 4507. Determine p(-19).
15
Let g(c) = -c**3 + 12*c**2 - 30*c - 27. Determine g(10).
-127
Let a(w) = 16003*w + 32026. What is a(-2)?
20
Let h(q) = -42*q - 1739. Determine h(-42).
25
Let t(z) = 2*z + 152. Calculate t(15).
182
Let m(w) = 9*w**2 + 1090*w + 115. Determine m(-121).
-6
Let x(w) = -93*w + 262. Give x(2).
76
Let k(f) = -2*f**2 + 50*f - 252. Calculate k(8).
20
Let p(k) = -11*k**2 - 57*k + 282. What is p(4)?
-122
Let y(h) = 5*h**3 - 159*h**2 - 34*h + 52. What is y(32)?
-12
Let u(o) = -11*o**2 - 3*o + 14. Calculate u(5).
-276
Let s(o) = -4*o**3 - 8*o**2 - 56*o - 330. What is s(-4)?
22
Let c(t) = 870*t + 5220. Give c(-6).
0
Let k(b) = 3*b + 285. Give k(-98).
-9
Let t(v) = 2*v**2 - 5*v + 27. Calculate t(12).
255
Let y(p) = 169*p - 1272. What is y(8)?
80
Let h(z) = -11*z**2 - 516*z - 478. Calculate h(-46).
-18
Let m(i) = -i - 49. Determine m(-5).
-44
Let u(j) = -13767*j - 137668. Give u(-10).
2
Let g(i) = 3*i**3 - 64*i**2 + 28*i - 18. What is g(21)?
129
Let h(g) = -60*g - 833. What is h(-21)?
427
Let h(y) = -y**3 + 19*y**2 - 27*y + 18. What is h(18)?
-144
Let g(w) = 2*w**2 - 54*w - 437. What is g(34)?
39
Let b(k) = -86*k - 472. Determine b(-6).
44
Let y(x) = x**2 + 7*x - 861. What is y(26)?
-3
Let x(c) = -7*c**3 + 1707*c**2 + 233*c + 2682. Determine x(244).
-2
Let m(r) = 198*r + 1047. Determine m(-9).
-735
Let v(a) = -12*a - 12. Calculate v(-7).
72
Let k(o) = -2*o**3 + 65*o**2 + 92*o + 339. What is k(34)?
-1
Let b(j) = -164*j - 31817. Determine b(-194).
-1
Let v(t) = 217*t + 1529. Determine v(-7).
10
Let u(p) = 13*p**2 - 871*p + 3478. Calculate u(4).
202
Let x(q) = -496*q - 4452. Give x(-9).
12
Let a(p) = -10*p**2 + 3*p - 2. Determine a(1).
-9
Let x(f) = -21*f**2 + 483*f - 19. Give x(23).
-19
Let j(p) = -p**3 + 51*p**2 + 75*p - 3832. Give j(51).
-7
Let i(x) = 73*x**3 - 508*x**2 - 18*x + 31. Calculate i(7).
52
